g.
2, 13
Suppose -8*x + 724 = -7356. List the prime factors of x.
2, 5, 101
Let q(m) = -5*m + 264. What are the prime factors of q(25)?
139
Let n be (-1)/4 - (-213)/(-12). Let l = n + 36. List the prime factors of l.
2, 3
Let u be (4/6)/((-4)/(-1620)). Let g = 385 - u. List the prime factors of g.
5, 23
Let w(p) = -3*p - 92. Let j be w(-32). Suppose 1295 - 383 = 4*v + 4*k, -j*v + 905 = -3*k. What are the prime factors of v?
227
List the prime factors of (-30)/(-70) + (-15528)/(-28).
3, 5, 37
Suppose -4039 = -17*m + 7691. What are the prime factors of m?
2, 3, 5, 23
Let d(g) = g**3 + 6*g**2 - g + 8. Let f be d(-6). Let z be (-31)/11 - f/77. List the prime factors of z*(-1 + 19/(-3)).
2, 11
Let t = 4 - 0. Suppose -3*u + 3*o + 114 = 0, 0 = u - t*o + 4 - 27. List the prime factors of u.
43
Let i = 443 + -425. What are the prime factors of i?
2, 3
Suppose 0 = -m - 4*g + 304, -2*m + 0*g + 638 = 2*g. List the prime factors of m.
2, 3
What are the prime factors of 30240/4256 + 2/(-19)?
7
Let g = 14 + 5. Suppose -9*t = -17 - g. Suppose -396 = -2*w - t*w. What are the prime factors of w?
2, 3, 11
Suppose -9*t - 15 = -12*t. Suppose -5*s + 366 = 5*b - 524, 4*s = t*b + 676. List the prime factors of s.
2, 3, 29
Let l = 38 + -22. Suppose -5*t + 3*t + 8 = 0. Suppose -t*a + a + 2*y = -l, 4*y + 28 = 4*a. What are the prime factors of a?
2
Suppose -5*u + 8*x - 3*x + 6875 = 0, 2770 = 2*u + 3*x. List the prime factors of u.
7, 197
Let k be 2/5 + 138/30. Suppose 3*o = k*f - 269, -6*f + 2*f + o = -211. What are the prime factors of (-1*4)/(-8)*f?
2, 13
Let v(f) = -f**3 - 2*f**2 - 12*f - 48. What are the prime factors of v(-7)?
281
Suppose 20 = 5*a + 3*j - 8*j, a - 3*j = 4. Suppose a*c - 184 - 56 = 0. Suppose 0 = -4*d - 4*t + c, 5*d = -0*d - t + 79. List the prime factors of d.
2
Let n(j) = j**2 + 23*j - 9. List the prime factors of n(15).
3, 11, 17
Suppose -507 = -b - 5*z - 85, -5*b - 2*z + 2179 = 0. List the prime factors of b.
19, 23
Let p be 2 - (-3*4/(-4) + -3). Suppose 3*s + p*k - 384 = 0, -3*k = 5*s - 673 + 32. What are the prime factors of s?
2, 5, 13
Suppose z - 4*z = -2*f - 16, z + f = 12. Let y be (-12)/9*(-12)/z. Suppose -c + 6 = y. List the prime factors of c.
2
Suppose -o + 3758 + 13137 = 4*k, 0 = -5*o - 25. List the prime factors of k.
5, 13
Suppose -4*s = 3*f - 5*f - 16, 0 = 4*s - 3*f - 20. Let a be (0/(-3) + s)*292. What are the prime factors of (-1)/4 - a/(-32)?
2, 3
Suppose 0 = -1463*w + 1440*w + 32453. List the prime factors of w.
17, 83
Suppose -6 = 3*r - 3*c, -10 + 3 = -4*r + c. Suppose -d + 184 = 5*j, -3*d + d - 100 = -r*j. List the prime factors of j.
2, 3
Suppose 300 = 5*z - 0*d + 5*d, -z + 50 = -d. Let m = z + -36. List the prime factors of m.
19
Let h = -12 - -17. Suppose h*d - 202 = -3*v + 521, -d + 141 = -3*v. What are the prime factors of d?
2, 3
Let g be (26/(-8))/((-4)/464). Let c = g + -253. What are the prime factors of c?
2, 31
Let r(d) = -d**3 + 3*d**2 + 2*d - 1. Let g be r(3). Suppose 7 = 4*v - g. Suppose 5*f - w = 9, -2*f + v*w + 3 = f. What are the prime factors of f?
2
Let s(i) = -2*i**2 + i + 17. Let g be (1 + 4/(-6))*0. What are the prime factors of s(g)?
17
Suppose l = z - 1, 8*l + 5*z = 3*l - 35. Let s be (1 + -1)/(2 + l). Suppose s = -0*o + 2*o - 46. List the prime factors of o.
23
Let r be (10/(-50))/(2/(-20)). List the prime factors of ((-131)/r)/((-90)/(-12) - 8).
131
Suppose 31 = -2*r - 239. Let c = r - -189. What are the prime factors of c?
2, 3
Let r be 50/16 + 2/(-16). Suppose -r*v + 5*v = 128. Let h = v + -35. List the prime factors of h.
29
Let q(t) = -11*t**3 - 3*t**2 - 10*t - 14. List the prime factors of q(-7).
2, 7, 263
Suppose 8*j - 2812 = 4*j. List the prime factors of j.
19, 37
Suppose 7*h + 21 = 10*h. Suppose 9*r = h*r + 60. What are the prime factors of r?
2, 3, 5
Let d(x) = -5*x - 67. Let i(c) = -3*c. Let l(h) = -d(h) + 2*i(h). Let v(s) = s**3 + 2*s**2. Let a be v(-2). List the prime factors of l(a).
67
Let n(o) = 19*o + 26. Let s(d) = d**2 + 8*d + 6. Let u be s(-8). What are the prime factors of n(u)?
2, 5, 7
Suppose 32*u - 23525 = 33627. List the prime factors of u.
2, 19, 47
Let x(s) = -s**2 - 10*s - 7. Let b = -14 + 5. Let y be x(b). Let t(g) = 2*g**3 - 2*g**2 - g - 1. List the prime factors of t(y).
5
Let m be (-6)/9*(-9)/(-6). Let h be (-2 - (-2 + m))*3. Let q = 17 + h. What are the prime factors of q?
2, 5
List the prime factors of (-756)/(-126) + 1 + 872.
3, 293
Let c = -130 + 232. Suppose 5*l = 3 + c. Let g = l + -5. List the prime factors of g.
2
Let h = 306 - -408. What are the prime factors of h?
2, 3, 7, 17
Let i(j) = -2*j**2 + 29*j - 17. Let t(v) = v**2 - 14*v + 8. Let h(l) = -3*i(l) - 7*t(l). List the prime factors of h(9).
13
Let u = -34 + 36. Suppose u*j - 150 = -40. List the prime factors of j.
5, 11
Let a be 2100/66 - 2/(-11). List the prime factors of (((-203)/4)/7)/((-2)/a).
2, 29
Let n = 4368 - 960. List the prime factors of n.
2, 3, 71
Let u(d) = 12*d**2 + 2*d**2 + 15 - 5 - d**3. List the prime factors of u(14).
2, 5
Let b be 1 + 4 - (1 - -2). Suppose 5*v - 14 + 155 = b*u, 5*u - 2*v = 321. List the prime factors of u.
3, 7
Suppose -34230 = -15*x - 0*x. List the prime factors of x.
2, 7, 163
Let y(r) = -79*r - 536. List the prime factors of y(-33).
19, 109
Suppose 55*k = 64*k - 18. Let s(y) = 32*y**2. Let v be s(-1). Suppose -h = 3*b + b - v, -k*h = 5*b - 43. What are the prime factors of b?
7
Suppose -399 = -5*x + 276. Suppose 4*q + q - x = 0. What are the prime factors of q?
3
Suppose -4*j = -12*j + 24. Suppose j*p + 68 = 146. List the prime factors of p.
2, 13
List the prime factors of (-1626)/12*-8 - 9.
5, 43
Suppose -4 = -q, -2*s - 826 = -3*s - 5*q. What are the prime factors of s?
2, 13, 31
Let o(x) = -637*x - 234. What are the prime factors of o(-7)?
5, 13
Let t(c) = 4*c**2 - 3*c. Let v(l) = -2*l + 15. Let j be v(7). Suppose j = -5*m + 11. What are the prime factors of t(m)?
2, 5
Suppose 484 = 6*n - 2*n. Let m = n + -53. What are the prime factors of m?
2, 17
Let i(h) be the third derivative of -h**4/24 + 4*h**3/3 - 6*h**2. Let f be i(6). What are the prime factors of (-13)/f*(-20)/10?
13
Suppose -4*m - 4*g = 16, 0 = -4*m - g - 2 - 2. Suppose -3*q + m = -3. Let k(c) = 19*c + 2. List the prime factors of k(q).
3, 7
Let p = -1 - -10. Let s be 6/p - 68/(-6). Suppose 0 = -s*c + 11*c + 48. List the prime factors of c.
2, 3
Let c(s) = s**3 + 2*s**2 - 33*s + 9. Let n be c(-7). What are the prime factors of 6*44*n/(-5)?
2, 3, 11
Let h be (-4)/((-4)/101) - -2. Suppose 3*u = -0*u - 2*o + h, -o = -4*u + 119. List the prime factors of u.
31
Let d be 14/35 - (-2 - (-11616)/(-10)). Suppose -4*x - d = -10*x. List the prime factors of x.
2, 97
Let y(x) = -108*x - 31. What are the prime factors of y(-3)?
293
Let u be (5/(-10))/((-2)/60). Suppose -u = -7*h + 2*h. Let q(o) = -o**2 + 6*o - 3. List the prime factors of q(h).
2, 3
What are the prime factors of 228/(-4)*(-1 + 2/6)?
2, 19
Suppose 5*y - 20 = 3*z, -6*y - z = -4*y - 8. Suppose 336 = 2*g + y*g. List the prime factors of g.
2, 7
Let p(b) = b**2 + 21*b + 29. Let n be 4*4/16*-26. What are the prime factors of p(n)?
3, 53
Let v be (1/(-4))/(2/(-24)). Suppose 0 = -w + m + 8, -4*m = v*w + 5 - 36. Suppose 3*n - w - 51 = 0. List the prime factors of n.
2, 5
Let x = -3 + 6. Suppose a = 4*u - 166, -2*u + 86 = -2*a + x*a. Let g = u - 12. What are the prime factors of g?
2, 3, 5
Let a(w) = 19*w**2 - w + 2. What are the prime factors of a(-1)?
2, 11
Suppose 5*w = -20, 2*i - 118 = -3*w + 248. List the prime factors of i.
3, 7
Suppose 4*c + 36 = 4*k, 5*c + 73 = -2*k - 0*k. Let b be (-2 + 1 - 42) + 0. Let i = c - b. List the prime factors of i.
2, 3, 5
Let b be (-15374)/(-12) + (-25)/6 + 4. Suppose -y = -8*y + b. List the prime factors of y.
3, 61
Let x(h) = 10*h - 38. Let b be x(4). Let r = -942 + 1786. List the prime factors of b/(-11) - r/(-44).
19
Suppose -32*z = -36*z + 432. List the prime factors of z.
2, 3
Let f(h) = 2*h - 11. Let u be f(-15). Let m = 1 - 7. Let x = m - u. What are the prime factors of x?
5, 7
Suppose -2*c + 902 = -5*u - 141, -5*c = 5*u - 2695. List the prime factors of c.
2, 3, 89
What are the prime factors of (-459)/2*(-4)/(-12)*-4?
2, 3, 17
List the prime factors of 4508 - -2*(-10)/15*3.
2, 563
What are the prime factor